 14, what is 75d - 9?
754
In base 14, what is -2 - 38?
-3a
In base 13, what is 2 + 210?
212
In base 12, what is -a46 - 12?
-a58
In base 11, what is 1015 + -a?
1006
In base 5, what is 1002331 + -4?
1002322
In base 13, what is 4a8 + -4?
4a4
In base 5, what is -14411 + -22?
-14433
In base 12, what is -1 + 201?
200
In base 2, what is -101 + -1000111?
-1001100
In base 15, what is 1a - -b9?
d4
In base 15, what is 2b + 18?
44
In base 16, what is -3 + -9bd?
-9c0
In base 15, what is -a7 + -29?
-d1
In base 2, what is -1111011 + 11?
-1111000
In base 14, what is -8 + -10?
-18
In base 2, what is -10100110 + 11?
-10100011
In base 16, what is 5 + 12?
17
In base 13, what is 0 - -2bb4?
2bb4
In base 10, what is 3 + 49?
52
In base 4, what is -33 - -112?
13
In base 7, what is 152 + 0?
152
In base 12, what is 95 + -1?
94
In base 6, what is 5 + -145?
-140
In base 7, what is -55 + -14?
-102
In base 6, what is 31 - -11421?
11452
In base 3, what is -121021 + -1?
-121022
In base 11, what is -112 + 0?
-112
In base 8, what is -5 + 333?
326
In base 10, what is -5 - -65?
60
In base 3, what is 1 - 12022?
-12021
In base 6, what is -2 + -3401?
-3403
In base 14, what is 70 + -5?
69
In base 3, what is 0 - 11001?
-11001
In base 2, what is -10011000 + 100?
-10010100
In base 3, what is -2 + -2112112?
-2112121
In base 6, what is -225 - -21?
-204
In base 6, what is -5 - 2234?
-2243
In base 13, what is b21 + 1?
b22
In base 15, what is 235 + -1?
234
In base 15, what is 58 + -8?
50
In base 5, what is 3 + -43?
-40
In base 2, what is -11 + 111?
100
In base 7, what is 5 - 424?
-416
In base 3, what is 10 - -1110002?
1110012
In base 12, what is 2 + -8?
-6
In base 15, what is -24dd + 4?
-24d9
In base 3, what is -1 - -101?
100
In base 12, what is b0 + 89?
179
In base 2, what is 11 - 1010001111?
-1010001100
In base 12, what is 4 + 319?
321
In base 10, what is 1 - 2126?
-2125
In base 12, what is 4 - 21?
-19
In base 10, what is -5 - -1315?
1310
In base 13, what is -2 - -4a?
48
In base 10, what is -3 - 7?
-10
In base 11, what is -140 + -3?
-143
In base 7, what is 36 + 200?
236
In base 8, what is -31 + -20?
-51
In base 5, what is 23444 - 0?
23444
In base 11, what is -1 - 242?
-243
In base 5, what is -1 + 202022?
202021
In base 6, what is -150 - 2400?
-2550
In base 5, what is -1 + 101?
100
In base 9, what is 5 - -345?
351
In base 7, what is 11562 - -2?
11564
In base 15, what is -4247 - -2?
-4245
In base 13, what is -2453 + -3?
-2456
In base 10, what is 1 - -141?
142
In base 8, what is 123 + -2?
121
In base 6, what is 2 - -42454?
42500
In base 11, what is -2a - -97?
68
In base 12, what is 24 + -24?
0
In base 11, what is -24 + 8?
-17
In base 10, what is 4 + 3800?
3804
In base 15, what is 1 + c00?
c01
In base 5, what is -233 - -13?
-220
In base 15, what is 10 - c?
3
In base 5, what is -42 + 2?
-40
In base 14, what is -127 + -2?
-129
In base 13, what is -4 + -7a?
-81
In base 16, what is -3 + -10d?
-110
In base 3, what is -200 + 22010?
21110
In base 15, what is 152 + 2?
154
In base 3, what is -12001 + 1021?
-10210
In base 16, what is 287 + -4?
283
In base 11, what is -180 - -6?
-175
In base 14, what is -12 - -3c?
2a
In base 9, what is 326 + -5?
321
In base 13, what is 4 - 1?
3
In base 5, what is -3 + -430?
-433
In base 4, what is 3 + 1222?
1231
In base 12, what is -4868 + 4?
-4864
In base 9, what is 0 + 23?
23
In base 13, what is 1a2 + -3?
19c
In base 14, what is 213 - 0?
213
In base 13, what is 40 + 0?
40
In base 2, what is 11110 - 101?
11001
In base 2, what is 1000110 + -110?
1000000
In base 8, what is 7 + -74?
-65
In base 12, what is -1 - 69?
-6a
In base 10, what is -66 + -5?
-71
In base 6, what is 2 + -5142?
-5140
In base 7, what is 1 + -213?
-212
In base 4, what is -3 - 131222?
-131231
In base 2, what is -100 + -1100111?
-1101011
In base 16, what is 2b + -1?
2a
In base 5, what is 14 - -24?
43
In base 11, what is 35 - 128?
-a3
In base 8, what is -76 + 16?
-60
In base 7, what is 163346 + -2?
163344
In base 11, what is -763 + -1?
-764
In base 4, what is -3 + -111330?
-111333
In base 5, what is -12 + 0?
-12
In base 10, what is 895 - -1?
896
In base 2, what is -1111110101 + 1?
-1111110100
In base 5, what is -111200 + 1?
-111144
In base 5, what is -121 + 2?
-114
In base 10, what is 57 - 204?
-147
In base 10, what is -9 + -14?
-23
In base 3, what is -12 - -10122?
10110
In base 16, what is -21 + 1?
-20
In base 7, what is -30 + 42?
12
In base 5, what is -304101 + 1?
-304100
In base 2, what is 11001 - 110?
10011
In base 9, what is 0 - -56?
56
In base 2, what is 1011010 + -1?
1011001
In base 10, what is -2 + -1434?
-1436
In base 6, what is 35 - -340?
415
In base 7, what is -2 - 36?
-41
In base 4, what is -2201 - -333?
-1202
In base 2, what is -10000100 + -101011?
-10101111
In base 11, what is 3 - -43?
46
In base 8, what is -2 + 137?
135
In base 4, what is 20313 - 10?
20303
In base 2, what is -1011 - 1101?
-11000
In base 3, what is -12 + 12220120?
12220101
In base 16, what is 458 + 3?
45b
In base 8, what is -64 + -3?
-67
In base 6, what is -1 + 43?
42
In base 11, what is 5 + -848?
-843
In base 8, what is 3 + -37?
-34
In base 14, what is d6 - -2?
d8
In base 2, what is -100011110 + 11?
-100011011
In base 7, what is 6 + 4422?
4431
In base 16, what is 2 + 22?
24
In base 14, what is -3 - 29?
-2c
In base 2, what is -101111100001 - -1?
-101111100000
In base 8, what is -1 - 32?
-33
In base 6, what is 21 + 10431?
10452
In base 10, what is 1 - 202?
-201
In base 11, what is 205 + -6?
1aa
In base 11, what is -1 - 49?
-4a
In base 5, what is -3123 - 41?
-3214
In base 14, what is 52 - -160?
1b2
In base 14, what is 47a - 4?
476
In base 3, what is -22 + 1102220?
1102121
In base 9, what is 316 + 2?
318
In base 3, what is -22 + 10110102?
10110010
In base 13, what is 2b - -9?
37
In base 13, what is 6 - 0?
6
In base 11, what is 191 + -a?
182
In base 14, what is 30 + -a?
24
In base 5, what is 2 + -142?
-140
In base 10, what is 1 - -5201?
5202
In base 15, what is 3 + 2d22?
2d25
In base 9, what is 2 - -53?
55
In base 5, what is 10 + -21?
-11
In base 6, what is -431 - -235?
-152
In base 11, what is 3 + 89?
91
In base 2, what is 1011 - 11100?
-10001
In base 15, what is -5 - -ca?
c5
In base 15, what is -50 + 5?
-4a
In base 4, what is 233 + 120?
1013
In base 2, what is 11 - -11000010111?
11000011010
In base 15, what is -2 + 62?
60
In base 9, what is 134 + -4?
130
In base 5, what is -2 + 20314?
20312
In base 4, what is 1320031 + 11?
1320102
In base 8, what is -2644 + 3?
-2641
In base 6, what is -543 - 3?
-550
In base 16, what is -1 - -43?
42
In base 9, what is -43 + -11?
-54
In base 10, what is -6 - 61?
-67
In base 3, what is 10210121 + 1?
10210122
In base 12, what is -4 - 1044?
-1048
In base 16, what is -95a + 4?
-956
In base 15, what is 27 - -20?
47
In base 6, what is -1 + 203?
202
In base 15, what is 7 - 32?
-2a
In base 6, what is -104044 - 1?
-104045
In base 5, what is -10 - 13?
-23
In base 13, what is 17 + 8?
22
In base 12, what is a5 + -146?
-61
In base 14, what is -7 + -73?
-7a
In base 4, what is 20011 - 1?
20010
In base 14, what is 1 - -39?
3a
In base 9, what is 412 + 4?
416
In base 9, what is 5 + -185?
-180
In base 9, what is 63 + 2?
65
In base 14, what is -2 + 2a?
28
In base 4, what is -10 - -1003?
333
In base 3, what is 20102110 + 1?
20102111
In base 4, what is -13 - 13?
-32
In base 11, what is -87 + 1?
-86
In base 9, what is -11 - -38?
27
In base 13, what is 9 + -51?
-45
In base 3, what is -21 - -110?
12
In base 3, what is -2 + -111102?
-111111
In base 9, what is -1475 + -3?
-1478
In base 2, what is 1100 - -11001?
100101
In base 7, what is 41 - -55?
126
In base 12, what is 92 - 14?
7a
In base 2, what is 111011 - -110000?
1101011
In base 15, what is -53 + -1?
-54
In base 10, what is -7 + -37?
-44
In base 15, what is b3 + -4?
ae
In base 5, what is 2023 - 1?
2022
In base 15, what is b - 2e?
-23
In base 7, what is 201 - -4?
205
In base 13, what is -9 - 2c?
-38
In base 5, what is -2044 - -121?
-1423
In base 16, what is 1f - 37?
-18
In base 12, what is 5 - -24?
29
In base 15, what is -9 - 76?
-80
In base 13, what is 4 + -a?
-6
In base 3, what is -210012 - 12?
-210101
In base 2, what is 1110000101 - -11?
1110001000
In base 3, what is -1122 + -20120?
-22012
In base 13, what is 2 + 74c?
751
In base 10, what is 2 - -2708?
2710
In b